{"id":218,"date":"2016-08-21T10:05:48","date_gmt":"2016-08-21T10:05:48","guid":{"rendered":"http:\/\/salon-petra.com\/?page_id=218"},"modified":"2016-08-21T10:12:05","modified_gmt":"2016-08-21T10:12:05","slug":"spezial-2","status":"publish","type":"page","link":"https:\/\/salon-petra.com\/?page_id=218","title":{"rendered":"Spezial"},"content":{"rendered":"<p style=\"text-align: center;\"><a href=\"https:\/\/salon-petra.com\/wp-content\/uploads\/2016\/08\/tuch_bunt.jpg\"><img loading=\"lazy\" decoding=\"async\" class=\"alignnone size-medium wp-image-222\" src=\"https:\/\/salon-petra.com\/wp-content\/uploads\/2016\/08\/tuch_bunt-300x225.jpg\" alt=\"tuch_bunt\" width=\"300\" height=\"225\" srcset=\"https:\/\/salon-petra.com\/wp-content\/uploads\/2016\/08\/tuch_bunt-300x225.jpg 300w, https:\/\/salon-petra.com\/wp-content\/uploads\/2016\/08\/tuch_bunt.jpg 667w\" sizes=\"(max-width: 300px) 100vw, 300px\" \/><\/a> <a href=\"https:\/\/salon-petra.com\/wp-content\/uploads\/2016\/08\/1391445055.jpg\"><img loading=\"lazy\" decoding=\"async\" class=\"alignnone size-medium wp-image-224\" src=\"https:\/\/salon-petra.com\/wp-content\/uploads\/2016\/08\/1391445055-200x300.jpg\" alt=\"1391445055\" width=\"200\" height=\"300\" srcset=\"https:\/\/salon-petra.com\/wp-content\/uploads\/2016\/08\/1391445055-200x300.jpg 200w, https:\/\/salon-petra.com\/wp-content\/uploads\/2016\/08\/1391445055.jpg 299w\" sizes=\"(max-width: 200px) 100vw, 200px\" \/><\/a><\/p>\n<p style=\"text-align: center;\">Damit Sie sich wohl f\u00fchlen, wenn es um<br \/>\nHaarersatz oder Haarf\u00fcller geht!<br \/>\nUnser Name steht f\u00fcr herausragende Qualit\u00e4t &amp; Erfahrung,<br \/>\nim Bereich der medizinischen Versorgung mit Zweithaar!<br \/>\nWir beraten Sie gerne &#8211; diskret in unserem Salon oder<br \/>\nnach Wunsch bei Ihnen Zuhause!<\/p>\n","protected":false},"excerpt":{"rendered":"<p>Damit Sie sich wohl f\u00fchlen, wenn es um Haarersatz oder Haarf\u00fcller geht! Unser Name steht f\u00fcr herausragende Qualit\u00e4t &amp; Erfahrung, im Bereich der medizinischen Versorgung mit Zweithaar! Wir beraten Sie gerne &#8211; diskret in unserem Salon oder nach Wunsch bei Ihnen Zuhause!<\/p>\n","protected":false},"author":1,"featured_media":0,"parent":0,"menu_order":0,"comment_status":"closed","ping_status":"closed","template":"","meta":{"ngg_post_thumbnail":0,"footnotes":""},"_links":{"self":[{"href":"https:\/\/salon-petra.com\/index.php?rest_route=\/wp\/v2\/pages\/218"}],"collection":[{"href":"https:\/\/salon-petra.com\/index.php?rest_route=\/wp\/v2\/pages"}],"about":[{"href":"https:\/\/salon-petra.com\/index.php?rest_route=\/wp\/v2\/types\/page"}],"author":[{"embeddable":true,"href":"https:\/\/salon-petra.com\/index.php?rest_route=\/wp\/v2\/users\/1"}],"replies":[{"embeddable":true,"href":"https:\/\/salon-petra.com\/index.php?rest_route=%2Fwp%2Fv2%2Fcomments&post=218"}],"version-history":[{"count":3,"href":"https:\/\/salon-petra.com\/index.php?rest_route=\/wp\/v2\/pages\/218\/revisions"}],"predecessor-version":[{"id":225,"href":"https:\/\/salon-petra.com\/index.php?rest_route=\/wp\/v2\/pages\/218\/revisions\/225"}],"wp:attachment":[{"href":"https:\/\/salon-petra.com\/index.php?rest_route=%2Fwp%2Fv2%2Fmedia&parent=218"}],"curies":[{"name":"wp","href":"https:\/\/api.w.org\/{rel}","templated":true}]}}

<p style="text-align: center;"><a href="https://salon-petra.com/wp-content/uploads/2016/08/tuch_bunt.jpg"><img loading="lazy" decoding="async" class="alignnone size-medium wp-image-222" src="https://salon-petra.com/wp-content/uploads/2016/08/tuch_bunt-300x225.jpg" alt="tuch_bunt" width="300" height="225" srcset="https://salon-petra.com/wp-content/uploads/2016/08/tuch_bunt-300x225.jpg 300w, https://salon-petra.com/wp-content/uploads/2016/08/tuch_bunt.jpg 667w" sizes="(max-width: 300px) 100vw, 300px" /></a> <a href="https://salon-petra.com/wp-content/uploads/2016/08/1391445055.jpg"><img loading="lazy" decoding="async" class="alignnone size-medium wp-image-224" src="https://salon-petra.com/wp-content/uploads/2016/08/1391445055-200x300.jpg" alt="1391445055" width="200" height="300" srcset="https://salon-petra.com/wp-content/uploads/2016/08/1391445055-200x300.jpg 200w, https://salon-petra.com/wp-content/uploads/2016/08/1391445055.jpg 299w" sizes="(max-width: 200px) 100vw, 200px" /></a></p>
<p style="text-align: center;">Damit Sie sich wohl fühlen, wenn es um<br />
Haarersatz oder Haarfüller geht!<br />
Unser Name steht für herausragende Qualität &amp; Erfahrung,<br />
im Bereich der medizinischen Versorgung mit Zweithaar!<br />
Wir beraten Sie gerne &#8211; diskret in unserem Salon oder<br />
nach Wunsch bei Ihnen Zuhause!</p>

<p>Damit Sie sich wohl fühlen, wenn es um Haarersatz oder Haarfüller geht! Unser Name steht für herausragende Qualität &amp; Erfahrung, im Bereich der medizinischen Versorgung mit Zweithaar! Wir beraten Sie gerne &#8211; diskret in unserem Salon oder nach Wunsch bei Ihnen Zuhause!</p>
