{"id":152,"date":"2015-01-11T21:25:17","date_gmt":"2015-01-11T21:25:17","guid":{"rendered":"http:\/\/salon-petra.com\/?page_id=152"},"modified":"2016-08-21T09:53:24","modified_gmt":"2016-08-21T09:53:24","slug":"maenner","status":"publish","type":"page","link":"https:\/\/salon-petra.com\/?page_id=152","title":{"rendered":"M\u00e4nner"},"content":{"rendered":"<p style=\"text-align: center;\">M\u00e4nner sind einfach anders&#8230;<\/p>\n<p style=\"text-align: center;\">Sie reden nicht \u00fcber Frisur oder nur \u00e4u\u00dferst selten.<br \/>\nSie gehen eben rasch mal zum Friseur, wollen sofort drankommen<br \/>\n&amp;<br \/>\nschnell wieder draussen sein!<\/p>\n<p style=\"text-align: center;\">Der Mann will wieder wein ein Mann aussehen &amp; legt zugleich Wert auf ein gepflegtes Erscheinungsbild!<br \/>\nM\u00e4nner wollen einen hochwertigen Haarschnitt, dazu ein gutes, aber pflegeleichtes Styling als absolutes &#8222;Must&#8220;!<br \/>\nDeshalb haben wir dar\u00fcber nachgedacht, was wir Ihnen empfehlen k\u00f6nnen &#8211;<br \/>\nkurzum jede Menge coole &amp; andere Tipps!<\/p>\n<p style=\"text-align: center;\">Ausserdem:<br \/>\n# Klassische &#8222;Barber&#8220;- Rasur mit Kompresse<br \/>\n# Bartschneiden<br \/>\n# Brauen zupfen<br \/>\n# Volumen<br \/>\n# Reflexe<br \/>\n# Glanz<br \/>\n# Graureduzierung<\/p>\n","protected":false},"excerpt":{"rendered":"<p>M\u00e4nner sind einfach anders&#8230; Sie reden nicht \u00fcber Frisur oder nur \u00e4u\u00dferst selten. Sie gehen eben rasch mal zum Friseur, wollen sofort drankommen &amp; schnell wieder draussen sein! Der Mann will wieder wein ein Mann aussehen &amp; legt zugleich Wert auf ein gepflegtes Erscheinungsbild! M\u00e4nner wollen einen hochwertigen Haarschnitt, dazu ein gutes, aber pflegeleichtes Styling &hellip; <a href=\"https:\/\/salon-petra.com\/?page_id=152\" class=\"more-link\"><span class=\"screen-reader-text\">M\u00e4nner<\/span> weiterlesen <span class=\"meta-nav\">&rarr;<\/span><\/a><\/p>\n","protected":false},"author":1,"featured_media":0,"parent":0,"menu_order":0,"comment_status":"closed","ping_status":"closed","template":"","meta":{"ngg_post_thumbnail":0,"footnotes":""},"_links":{"self":[{"href":"https:\/\/salon-petra.com\/index.php?rest_route=\/wp\/v2\/pages\/152"}],"collection":[{"href":"https:\/\/salon-petra.com\/index.php?rest_route=\/wp\/v2\/pages"}],"about":[{"href":"https:\/\/salon-petra.com\/index.php?rest_route=\/wp\/v2\/types\/page"}],"author":[{"embeddable":true,"href":"https:\/\/salon-petra.com\/index.php?rest_route=\/wp\/v2\/users\/1"}],"replies":[{"embeddable":true,"href":"https:\/\/salon-petra.com\/index.php?rest_route=%2Fwp%2Fv2%2Fcomments&post=152"}],"version-history":[{"count":7,"href":"https:\/\/salon-petra.com\/index.php?rest_route=\/wp\/v2\/pages\/152\/revisions"}],"predecessor-version":[{"id":213,"href":"https:\/\/salon-petra.com\/index.php?rest_route=\/wp\/v2\/pages\/152\/revisions\/213"}],"wp:attachment":[{"href":"https:\/\/salon-petra.com\/index.php?rest_route=%2Fwp%2Fv2%2Fmedia&parent=152"}],"curies":[{"name":"wp","href":"https:\/\/api.w.org\/{rel}","templated":true}]}}

Männer

<p style="text-align: center;">Männer sind einfach anders&#8230;</p>
<p style="text-align: center;">Sie reden nicht über Frisur oder nur äußerst selten.<br />
Sie gehen eben rasch mal zum Friseur, wollen sofort drankommen<br />
&amp;<br />
schnell wieder draussen sein!</p>
<p style="text-align: center;">Der Mann will wieder wein ein Mann aussehen &amp; legt zugleich Wert auf ein gepflegtes Erscheinungsbild!<br />
Männer wollen einen hochwertigen Haarschnitt, dazu ein gutes, aber pflegeleichtes Styling als absolutes &#8222;Must&#8220;!<br />
Deshalb haben wir darüber nachgedacht, was wir Ihnen empfehlen können &#8211;<br />
kurzum jede Menge coole &amp; andere Tipps!</p>
<p style="text-align: center;">Ausserdem:<br />
# Klassische &#8222;Barber&#8220;- Rasur mit Kompresse<br />
# Bartschneiden<br />
# Brauen zupfen<br />
# Volumen<br />
# Reflexe<br />
# Glanz<br />
# Graureduzierung</p>

<p>Männer sind einfach anders&#8230; Sie reden nicht über Frisur oder nur äußerst selten. Sie gehen eben rasch mal zum Friseur, wollen sofort drankommen &amp; schnell wieder draussen sein! Der Mann will wieder wein ein Mann aussehen &amp; legt zugleich Wert auf ein gepflegtes Erscheinungsbild! Männer wollen einen hochwertigen Haarschnitt, dazu ein gutes, aber pflegeleichtes Styling &hellip; <a href="https://salon-petra.com/?page_id=152" class="more-link"><span class="screen-reader-text">Männer</span> weiterlesen <span class="meta-nav">&rarr;</span></a></p>
